a prime number?
False
Is 24552115867 a prime number?
False
Is 17153745881 a composite number?
True
Is 2976454787 composite?
False
Is 22317871 a composite number?
True
Is 55148033 prime?
True
Is 199728341 a prime number?
False
Is 32811735127 composite?
False
Is 112693967327 a composite number?
True
Is 28233017821 a composite number?
False
Is 6088007899 a composite number?
False
Is 544048459 prime?
False
Is 4120711261 a composite number?
True
Is 4296904199 a prime number?
False
Is 110778439 a prime number?
True
Is 2612984681 a composite number?
False
Is 79865096777 a prime number?
True
Is 14801921341 composite?
True
Is 8095557773 composite?
True
Is 652980677 prime?
False
Is 197940107 composite?
True
Is 3012177767 prime?
True
Is 576169817 a composite number?
False
Is 9990391841 prime?
True
Is 537080569 a composite number?
False
Is 5294987713 composite?
True
Is 67276319273 composite?
False
Is 42197521 composite?
False
Is 179335711 prime?
True
Is 175907791 prime?
True
Is 16316802835 composite?
True
Is 2959215131 prime?
True
Is 50399947471 composite?
True
Is 122802341011 composite?
True
Is 11032835807 composite?
True
Is 2769674977 prime?
True
Is 4033386869 a prime number?
False
Is 26462213731 prime?
False
Is 40850047873 prime?
True
Is 32170271951 a prime number?
True
Is 2781602903 a composite number?
True
Is 2647870657 a composite number?
True
Is 899783243 a composite number?
False
Is 314499817 prime?
True
Is 1327744721 composite?
False
Is 92203313807 prime?
False
Is 2658610381 a prime number?
False
Is 3445135151 prime?
True
Is 6729232879 a prime number?
True
Is 1188016549 composite?
False
Is 578280103 composite?
True
Is 52409546159 a prime number?
True
Is 1566425057 composite?
False
Is 1471690313 a composite number?
True
Is 17509595183 prime?
False
Is 80174823689 a prime number?
True
Is 3476280791 composite?
True
Is 17203637639 prime?
False
Is 776134549 a composite number?
False
Is 51963902899 a prime number?
False
Is 91488167 prime?
True
Is 662654129 composite?
True
Is 483919481 prime?
True
Is 3367859601 prime?
False
Is 578079715 a prime number?
False
Is 57591689 prime?
True
Is 223357069 prime?
False
Is 10109228357 a prime number?
False
Is 641652469 composite?
False
Is 101980828813 a composite number?
True
Is 1064768051 a prime number?
False
Is 5886466238 prime?
False
Is 7011881831 prime?
True
Is 619458017 composite?
False
Is 25711845403 a composite number?
False
Is 527946374 a prime number?
False
Is 966553293 composite?
True
Is 45556899797 prime?
True
Is 171196489 a prime number?
False
Is 1763723261 a prime number?
True
Is 47504079209 composite?
False
Is 190043771 composite?
False
Is 17950480069 prime?
True
Is 123778296841 prime?
True
Is 21828820999 composite?
False
Is 597697229 composite?
False
Is 2149198219 composite?
True
Is 1205662891 prime?
True
Is 3354316421 prime?
True
Is 66933355 a composite number?
True
Is 1303808773 a composite number?
False
Is 7650105971 composite?
True
Is 6670871071 composite?
False
Is 88581967 a composite number?
True
Is 65846628233 a prime number?
True
Is 7123287751 a prime number?
True
Is 11894158087 composite?
True
Is 13339708243 a composite number?
False
Is 17949246607 a composite number?
False
Is 16533623891 prime?
True
Is 129688891 a composite number?
True
Is 45514047611 a prime number?
True
Is 93604867 a prime number?
True
Is 785395811 a prime number?
False
Is 30248318707 a prime number?
False
Is 50181837949 prime?
False
Is 2527220549 prime?
False
Is 44982211 composite?
False
Is 13263420517 a prime number?
False
Is 1154459717 a composite number?
False
Is 27730305607 a composite number?
False
Is 15704628007 composite?
False
Is 5123051233 a composite number?
False
Is 4518027607 a prime number?
True
Is 54546490599 prime?
False
Is 793866169 a composite number?
False
Is 266573201 prime?
True
Is 10757907561 a prime number?
False
Is 2172001693 a prime number?
False
Is 3347249603 a composite number?
False
Is 29328508343 composite?
False
Is 56161871353 prime?
False
Is 401175881 a prime number?
True
Is 21545662553 a composite number?
False
Is 5271335591 a composite number?
True
Is 779419259 prime?
True
Is 737873497 a prime number?
True
Is 5128671049 a composite number?
False
Is 5578239815 prime?
False
Is 219991229 a prime number?
False
Is 2517773611 a prime number?
False
Is 4143503647 prime?
True
Is 53516623 prime?
False
Is 79174826517 a composite number?
True
Is 1382083789 a composite number?
False
Is 14854494061 a composite number?
True
Is 1925325137 prime?
True
Is 696540337 a composite number?
True
Is 1870482011 prime?
True
Is 35145586831 a prime number?
True
Is 9369888107 composite?
False
Is 6123197809 composite?
False
Is 2749241647 composite?
False
Is 24189313007 a composite number?
True
Is 1072159483 composite?
False
Is 242242181 a composite number?
False
Is 82971887 a prime number?
True
Is 2486429557 a composite number?
False
Is 3698603599 prime?
False
Is 1342906679 a composite number?
True
Is 373670399 a prime number?
False
Is 54608340817 a composite number?
False
Is 5483217403 prime?
True
Is 77927320811 a prime number?
True
Is 8984205827 a composite number?
False
Is 29324431819 a prime number?
False
Is 13639704073 a composite number?
False
Is 33147855817 a prime number?
True
Is 3258138119 prime?
False
Is 1310391247 prime?
False
Is 581457719 composite?
False
Is 19944973 a composite number?
False
Is 70239320423 a composite number?
True
Is 9272354009 a composite number?
False
Is 4382821489 a composite number?
False
Is 100617988651 composite?
True
Is 3876495374 a prime number?
False
Is 82792321 composite?
False
Is 224181547 composite?
True
Is 1530475057 a prime number?
True
Is 5995337351 prime?
False
Is 371064539 composite?
False
Is 5524751263 a prime number?
True
Is 113785849851 a composite number?
True
Is 117686749 prime?
True
Is 7248545509 a composite number?
False
Is 90488053 prime?
True
Is 14069960831 a composite number?
True
Is 293819495 a prime number?
False
Is 530299103 composite?
True
Is 94143377 composite?
False
Is 15371570717 a prime number?
True
Is 7937785574 a prime number?
False
Is 10320016321 prime?
True
Is 25815368503 prime?
True
Is 88283129 composite?
True
Is 2540849821 a prime number?
True
Is 1835132063 a composite number?
False
Is 1873413587 composite?
False
Is 1751742049 prime?
False
Is 721011413 composite?
False
Is 12359417209 composite?
False
Is 3442752791 a prime number?
True
Is 661094263 composite?
False
Is 14327882819 prime?
False
Is 554534447 composite?
True
Is 43017451361 composite?
False
Is 68558190761 composite?
False
Is 211069357 prime?
True
Is 1361792161 a composite number?
False
Is 393295027 a composite number?
False
Is 1801463578 a prime number?
False
Is 978832079 composite?
False
Is 92316140261 prime?
True
Is 321195197 prime?
False
Is 12179802029 prime?
True
Is 378384665 composite?
True
Is 4204270129 composite?
False
Is 1347851693 composite?
False
Is 1253398637 composite?
False
Is 14442081989 prime?
False
Is 2309201911 a prime number?
False
Is 51127888667 composite?
False
Is 426155715779 a composite number?
False
Is 196963059053 a composite number?
True
Is 11295144619 composite?
True
Is 54790787641 a composite number?
True
Is 111322851781 a prime number?
False
Is 261444809 a prime number?
True
Is 957585043 prime?
False
Is 9268290039 prime?
False
Is 2175370229 a prime number?
True
Is 795534041 prime?
True
Is 139533769 composite?
False
Is 158098470157 a composite number?
False
Is 1305143711 a prime number?
True
Is 54159848659 prime?
False
Is 668551783 prime?
False
Is 312245621 a composite number?
False
Is 10403764751 a prime number?
True
Is 14171279 composite?
True
Is 663458461 a prime number?
True
Is 433689874 a composite number?
True
Is 52633404289 a prime number?
True
Is 7395259577 prime?
False
Is 11588926337 composite?
True
Is 17388996899 a composite number?
True
Is 47924557 a composite number?
False
Is 11632244417 composite?
False
Is 86860775449 a composite number?
True
Is 36204250721 a composite number?
True
Is 154270993 prime?
True
Is 96023596169 a composite number?
True
Is 384624217 composite?
False
Is 190972456985 composite?
True
Is 472978721 composite?
False
Is 9439911449 composite?
False
Is 387661793 a composite number?
True
Is 49257287 a prime number?
True
Is 1104440